8
What is the remainder when 230 is divided by 17?
9
What is the remainder when 5059 is divided by 20?
19
Calculate the remainder when 2150 is divided by 714.
8
Calculate the remainder when 436 is divided by 147.
142
Calculate the remainder when 916 is divided by 54.
52
What is the remainder when 1350 is divided by 41?
38
Calculate the remainder when 36 is divided by 27.
9
What is the remainder when 309 is divided by 81?
66
Calculate the remainder when 168 is divided by 27.
6
Calculate the remainder when 540 is divided by 66.
12
What is the remainder when 294 is divided by 95?
9
What is the remainder when 295 is divided by 149?
146
Calculate the remainder when 366 is divided by 62.
56
What is the remainder when 93 is divided by 16?
13
Calculate the remainder when 87 is divided by 15.
12
Calculate the remainder when 3208 is divided by 16.
8
Calculate the remainder when 1547 is divided by 36.
35
Calculate the remainder when 4126 is divided by 59.
55
Calculate the remainder when 229 is divided by 43.
14
Calculate the remainder when 5135 is divided by 49.
39
What is the remainder when 185 is divided by 26?
3
What is the remainder when 2508 is divided by 93?
90
Calculate the remainder when 3562 is divided by 12.
10
What is the remainder when 1135 is divided by 306?
217
Calculate the remainder when 80 is divided by 21.
17
Calculate the remainder when 557 is divided by 120.
77
Calculate the remainder when 350 is divided by 45.
35
Calculate the remainder when 167 is divided by 64.
39
Calculate the remainder when 399 is divided by 11.
3
What is the remainder when 478 is divided by 32?
30
What is the remainder when 572 is divided by 132?
44
What is the remainder when 1362 is divided by 127?
92
What is the remainder when 156 is divided by 147?
9
What is the remainder when 57 is divided by 49?
8
Calculate the remainder when 757 is divided by 23.
21
What is the remainder when 46 is divided by 16?
14
Calculate the remainder when 1485 is divided by 469.
78
Calculate the remainder when 273 is divided by 22.
9
What is the remainder when 688 is divided by 79?
56
What is the remainder when 293 is divided by 30?
23
Calculate the remainder when 1341 is divided by 112.
109
What is the remainder when 226 is divided by 57?
55
Calculate the remainder when 132 is divided by 43.
3
Calculate the remainder when 173 is divided by 11.
8
What is the remainder when 96 is divided by 67?
29
Calculate the remainder when 7432 is divided by 67.
62
What is the remainder when 601 is divided by 67?
65
What is the remainder when 164 is divided by 141?
23
What is the remainder when 70 is divided by 8?
6
Calculate the remainder when 988 is divided by 10.
8
Calculate the remainder when 1761 is divided by 361.
317
What is the remainder when 6063 is divided by 6?
3
What is the remainder when 49 is divided by 7?
0
What is the remainder when 337 is divided by 336?
1
Calculate the remainder when 675 is divided by 68.
63
What is the remainder when 264 is divided by 25?
14
Calculate the remainder when 456 is divided by 77.
71
Calculate the remainder when 369 is divided by 17.
12
What is the remainder when 253 is divided by 81?
10
Calculate the remainder when 2154 is divided by 264.
42
What is the remainder when 68 is divided by 42?
26
Calculate the remainder when 59 is divided by 10.
9
Calculate the remainder when 940 is divided by 36.
4
What is the remainder when 5632 is divided by 245?
242
What is the remainder when 146 is divided by 97?
49
What is the remainder when 459 is divided by 84?
39
What is the remainder when 171 is divided by 54?
9
Calculate the remainder when 164 is divided by 77.
10
What is the remainder when 8773 is divided by 9?
7
What is the remainder when 1371 is divided by 274?
1
Calculate the remainder when 29390 is divided by 221.
218
Calculate the remainder when 5243 is divided by 122.
119
What is the remainder when 171 is divided by 51?
18
What is the remainder when 831 is divided by 414?
3
Calculate the remainder when 372 is divided by 15.
12
Calculate the remainder when 214 is divided by 27.
25
Calculate the remainder when 4485 is divided by 17.
14
What is the remainder when 268 is divided by 30?
28
What is the remainder when 538 is divided by 55?
43
Calculate the remainder when 1331 is divided by 78.
5
What is the remainder when 511 is divided by 167?
10
Calculate the remainder when 872 is divided by 58.
2
What is the remainder when 11135 is divided by 37?
35
What is the remainder when 362 is divided by 119?
5
What is the remainder when 571 is divided by 14?
11
What is the remainder when 6215 is divided by 57?
2
What is the remainder when 745 is divided by 44?
41
Calculate the remainder when 3400 is divided by 179.
178
Calculate the remainder when 2716 is divided by 532.
56
What is the remainder when 359 is divided by 24?
23
What is the remainder when 300 is divided by 30?
0
Calculate the remainder when 494 is divided by 31.
29
What is the remainder when 4366 is divided by 182?
180
What is the remainder when 124 is divided by 1?
0
Calculate the remainder when 26878 is divided by 8956.
10
Calculate the remainder when 8925 is divided by 96.
93
Calculate the remainder when 1242 is divided by 414.
0
Calculate the remainder when 463 is divided by 67.
61
Calculate the remainder when 52064 is divided by 117.
116
Calculate the remainder when 859 is divided by 270.
49
Calculate the remainder when 554 is divided by 8.
2
Calculate the remainder when 20590 is divided by 176.
174
Calculate the remainder when 1313 is divided by 103.
77
Calculate the remainder when 82 is divided by 6.
4
Calculate the remainder when 623 is divided by 52.
51
What is the remainder when 16 is divided by 7?
2
Calculate the remainder when 254 is divided by 73.
35
What is the remainder when 71 is divided by 2?
1
Calculate the remainder when 288 is divided by 190.
98
What is the remainder when 45 is divided by 38?
7
Calculate the remainder when 1012 is divided by 39.
37
What is the remainder when 5058 is divided by 29?
12
Calculate the remainder when 1277 is divided by 20.
17
What is the remainder when 39 is divided by 14?
11
What is the remainder when 242 is divided by 61?
59
What is the remainder when 7761 is divided by 2584?
9
What is the remainder when 66 is divided by 61?
5
What is the remainder when 196 is divided by 18?
16
Calculate the remainder when 18 is divided by 7.
4
Calculate the remainder when 313 is divided by 29.
23
What is the remainder when 396 is divided by 125?
21
What is the remainder when 188 is divided by 86?
16
What is the remainder when 1575 is divided by 6?
3
Calculate the remainder when 1224 is divided by 235.
49
What is the remainder when 488 is divided by 165?
158
Calculate the remainder when 330 is divided by 111.
108
Calculate the remainder when 485 is divided by 70.
65
Calculate the remainder when 44 is divided by 5.
4
Calculate the remainder when 3129 is divided by 29.
26
What is the remainder when 74 is divided by 16?
10
What is the remainder when 1374 is divided by 1374?
0
What is the remainder when 1025 is divided by 512?
1
What is the remainder when 1283 is divided by 117?
113
What is the remainder when 450 is divided by 141?
27
What is the remainder when 2603 is divided by 1244?
115
Calculate the remainder when 1097 is divided by 53.
37
Calculate the remainder when 634 is divided by 613.
21
Calculate the remainder when 87 is divided by 9.
6
Calculate the remainder when 3741 is divided by 236.
201
What is the remainder when 254 is divided by 146?
108
Calculate the remainder when 146 is divided by 50.
46
What is the remainder when 246 is divided by 17?
8
Calculate the remainder when 770 is divided by 125.
20
What is the remainder when 3191 is divided by 228?
227
Calculate the remainder when 588 is divided by 21.
0
Calculate the remainder when 20 is divided by 1.
0
Calculate the remainder when 641 is divided by 92.
89
Calculate the remainder when 134 is divided by 23.
19
Calculate the remainder when 284 is divided by 57.
56
What is the remainder when 682 is divided by 144?
106
What is the remainder when 29 is divided by 8?
5
Calculate the remainder when 541 is divided by 22.
13
What is the remainder when 298 is divided by 62?
50
Calculate the remainder when 537 is div